 List the prime factors of l.
2, 24229
What are the prime factors of 2383409/63 + -3 - 32/36?
2, 7, 193
Let d be (6/(-2))/(-3) - (-60)/(-1). Let q = d + 85. What are the prime factors of q?
2, 13
Let u(v) = -3*v**3 - 9*v**2 - 10 + v - 6 + 1 + 0*v**2. List the prime factors of u(-7).
2, 283
Suppose -57*m - 248*m + 66*m = -1176597. What are the prime factors of m?
3, 547
Suppose -15873 = -39*p + 75*p - 39*p. What are the prime factors of p?
11, 13, 37
Let o(u) = 31 - 3*u**2 - 33*u + 4*u**2 + 39*u. List the prime factors of o(6).
103
Suppose 0 = 3*o + 5*u - 2 + 11, o + u = -3. Let j(m) = 114*m**2 - 2*m + 7. Let a be j(o). Suppose a = 5*s - 31. What are the prime factors of s?
2, 107
Suppose -21*p + 4*v = -27*p + 25474, -3*p = -2*v - 12733. What are the prime factors of p?
3, 5, 283
Let k be 0/(-2) + 1 + 2. Suppose a + 8 = 5*a. Suppose j - 3*j = k*r - 57, a*r - 4*j = 54. List the prime factors of r.
3, 7
Let x(m) = m**3 - 29*m**2 - 33*m + 95. Let n be x(30). Suppose 4815 = n*o + 570. List the prime factors of o.
3, 283
Suppose 27*j - 53*j - 132041 + 427193 = 0. What are the prime factors of j?
2, 3, 11, 43
Let g be (-3)/(-1)*6110/(-39). Let r = -121 - g. What are the prime factors of r?
349
Let p(o) = -276*o + 6222. What are the prime factors of p(-8)?
2, 3, 5, 281
Suppose -2496 + 28080 = 13*m. What are the prime factors of m?
2, 3, 41
Let q = 31431 + -18385. List the prime factors of q.
2, 11, 593
Suppose 0 = -4*h - 0. Suppose h = w + 60 - 355. Suppose -3*v + 44 + w = 0. What are the prime factors of v?
113
Let f(m) = 0*m**3 - 2*m + 14*m - 4*m**2 - 6*m**3 + 4*m**3. Let z = 38 + -43. List the prime factors of f(z).
2, 3, 5
Let z(w) = w**3 - 16*w**2 - 18*w + 19. Let a be z(17). Let x be 202/(a*1) - (18 - 18). Suppose p = 2*p - x. What are the prime factors of p?
101
Suppose 3*x + 0*x + 5*h + 2335 = 0, -4*x + 3*h - 3094 = 0. Let o be 3/(-9)*x - 3/9. Suppose 4*l - o = l. What are the prime factors of l?
2, 43
Let w = -111 + 108. Let o be w/((-12)/45 - 12/(-20)). List the prime factors of 4/(((-9)/(-66))/(o/(-12))).
2, 11
Let s = -83 + 86. Suppose -s*n + 18 - 3 = 0. Suppose 2*g - 149 = h, -n*h - 155 - 220 = -5*g. What are the prime factors of g?
2, 37
Suppose -12*y + 103650 = -7*y + 5*t, 3 = -t. List the prime factors of y.
3, 6911
Suppose d - 4 = -u, -4*d = -8*u + 7*u - 16. Suppose 4*b = -5*q + 4*q + 598, 4*q - 4*b - 2452 = u. List the prime factors of q.
2, 5, 61
Suppose -3*w + 0 = -3. Let l = w + 30. Suppose 0 = -6*x + 29 + l. What are the prime factors of x?
2, 5
Let h = 21724 + -10486. List the prime factors of h.
2, 3, 1873
Suppose -5*w - 314 = 96. Let p(a) = -12*a + 14. Let y be p(-2). Let z = y - w. What are the prime factors of z?
2, 3, 5
Suppose 4*w - 734 = -5*x, 0 = x - 0*w + 5*w - 130. Suppose x + 98 = 4*u. Let g = u + 5. What are the prime factors of g?
67
Suppose -2*t + 13481 = n, 0 = -2*t - 2*n + 21479 - 7999. List the prime factors of t.
3, 7, 107
Let v be 3 + -5 - -11 - (-2 - -1). Suppose 2*p + v = p. Let i = 15 + p. List the prime factors of i.
5
Let w(o) = -3*o**2 + 77*o - 40. Let i be w(32). Let r = -382 - i. List the prime factors of r.
2, 7, 19
Let c = -4852 + 6812. What are the prime factors of c?
2, 5, 7
Suppose 58*l = 61*l. Suppose 2*i - 1 + 3 = 0, 3*y - i - 610 = l. List the prime factors of y.
7, 29
Suppose -5*a + 13*l + 69992 = 0, 1900 = a + 2*l - 12080. What are the prime factors of a?
2, 13, 269
Let c(k) = -78*k + 30732. List the prime factors of c(0).
2, 3, 13, 197
List the prime factors of ((-5868865)/(-3350))/(2/20).
17519
Suppose -4*z - 70 = -5*h + 37, -86 = -5*h - 3*z. Let s(v) = 21*v - 2. What are the prime factors of s(h)?
397
Let t(d) = -754*d**3 + 2*d**2 + 8*d + 7. Suppose 2*l + 13 = 11. List the prime factors of t(l).
5, 151
Let u(h) = 96*h**2 + 5*h - 248. List the prime factors of u(-19).
34313
Let u = -997 - -1414. Let y = u + -368. List the prime factors of y.
7
Let o be 190/4*24/20. Let i = -52 + o. Suppose -i*m = 4*m - 900. List the prime factors of m.
2, 5
Let p = 1806 - 973. Let x = p - -99. What are the prime factors of x?
2, 233
Let c(p) = -p - 15. Let g = -10 + 4. Let m be c(g). What are the prime factors of 81/(m*(-3)/18)?
2, 3
Suppose 5 = 4*i - 5*c, -1 = i + 2*c - 12. Suppose 5*o = -2*o + i*o. Suppose -j + 121 = -2*g - g, -j + 4*g + 120 = o. List the prime factors of j.
2, 31
Let s = -530 + 532. What are the prime factors of (27756/(-16))/(-27) - s/8?
2
Let p(h) = -7402*h + 6775. What are the prime factors of p(-4)?
36383
Let o = 319 + -530. Let u = o + 130. List the prime factors of ((-4)/3)/((-79)/u + -1).
2, 3
Let z(n) be the third derivative of n**5/60 + 23*n**4/24 + 44*n**3/3 - 124*n**2. List the prime factors of z(-36).
2, 139
Let x(h) = 0*h**2 - h**2 + 93 - 135 + 47*h - 12*h. List the prime factors of x(28).
2, 7, 11
Let f = -3748 - -14005. List the prime factors of f.
3, 13, 263
Let w be 20/(-60) - 1/(-3). Suppose -4*y + w*y = -12, 0 = 2*b - 2*y + 16. Let o(h) = 5*h**2 + 2*h - 2. What are the prime factors of o(b)?
113
Suppose 2*u = 2*o + 4, u + 5*o + 1 - 9 = 0. Suppose 22 = k + 5*t - 13, 12 = -u*t. Suppose 2*h = 49 + k. What are the prime factors of h?
2, 13
Let u(v) = -7 + 35 + 31 + 291*v - 5. List the prime factors of u(4).
2, 3, 7, 29
Let y(m) = -3*m + 0 - 16 + 6 - 2. Suppose h + 2*h = -27. List the prime factors of y(h).
3, 5
Let i(x) be the third derivative of -11*x**4/24 - 8*x**3/3 + 91*x**2. List the prime factors of i(-39).
7, 59
Let s = 17 - 17. Let h(d) = -d**2 - d + 50. Let i be h(s). What are the prime factors of 2*-1 + i + 6?
2, 3
Let p = 1471 + -339. Suppose 2*h = 4*h - p. List the prime factors of h.
2, 283
Let s be (-67)/(-5) - (-5)/50*6. List the prime factors of 12996/s + ((-780)/84 - -9).
2, 29
Suppose 80*h + 282977 = 990417. What are the prime factors of h?
37, 239
Suppose -4064273 = -234*u + 3993160 + 1130343. What are the prime factors of u?
2, 3, 409
Let b(q) = -q**3 + 15*q**2 + 11*q - 10. Let i be b(14). Let s = -161 + i. List the prime factors of s.
179
Let r be (0/2)/3 + (-2 - -4). Let i be 228/6 - ((-3 - 1) + r). Suppose -4*m + 5*m - i = 0. List the prime factors of m.
2, 5
Let r(y) = 9*y**2 + 30*y + 402. List the prime factors of r(-32).
2, 3, 13, 37
Let s(k) = 26600*k - 236. What are the prime factors of s(1)?
2, 3, 13
Let j(a) = -a**3 - 3*a**2 - 2*a + 4. Let v be j(-2). Suppose -8*m - v - 4 = 0. What are the prime factors of ((-2)/3)/((4/936)/m)?
2, 3, 13
Let b = 8961 + 4005. List the prime factors of b.
2, 3, 2161
Let r = 3465 - 3195. Let m = 305 - 174. Let o = r - m. What are the prime factors of o?
139
Let o = -36 - 266. Let m = o - -378. List the prime factors of m.
2, 19
Let g be ((-24)/(-60))/((-2)/(-20)). Let l be -64*6/g + -4. Let s = 13 - l. What are the prime factors of s?
113
Suppose 4*d = 10*z - 6*z + 220, -260 = 5*z - 2*d. Let g(l) = 206*l**3 + l**2 - 2*l + 1. Let b be g(1). Let a = b + z. What are the prime factors of a?
2, 3, 13
Suppose -18*t - 24 = -6*t. List the prime factors of 6 + ((-1250)/t - 4).
3, 11, 19
Let y = -2132 - -7982. Suppose 13*d = 8*d + y. List the prime factors of d.
2, 3, 5, 13
Let z(h) = -696*h + 34. Let p be z(-5). Suppose 33*l - p = -1369. List the prime factors of l.
5, 13
Suppose -10776 = 162*g - 4624212. What are the prime factors of g?
2, 29, 491
Let j(n) = -3*n + 53. Let q be j(-7). Let i = q + 10. What are the prime factors of i?
2, 3, 7
Suppose 18*p + 120413 - 518198 = 528207. What are the prime factors of p?
2, 3, 1429
Let f be 1 - (-1 + 3) - (-122)/2. Let h = 61 + f. Let j = -27 + h. List the prime factors of j.
2, 47
Let f(s) = 46*s**2 - 9*s + 50. Let t be f(6). Suppose 4*y = 4, 2*y + t = 3*x - 2*y. What are the prime factors of x?
2, 3, 23
Suppose -31*o + 320148 = -58610. What are the prime factors of o?
2, 41, 149
Let p(y) = -y**2 - 13*y - 12. Let a = 21 + -25. Let g be 1*4/a*7. What are the prime factors of p(g)?
2, 3, 5
Let m be 6*(-2 - 0)/(-6). Let c(r) = 6 + 8*r + 2 + 2 + r**m. What are the prime factors of c(-8)?
2, 5
Let u = 855 - -4493. Suppose 9*x = 16*x - u. What are the prime factors of x?
2, 191
Suppose -2*h - 14 = 4*y, -2*h + 2*y - 23 = -h. Let t be (h/10)/((-2)/4). List the prime factors of (-1)/3*t + 37.
2, 3
Let n(v) = 122*v**2 - 11*v + 26. Let k be n(6). Suppose 18*m = k + 4684. What are the 